
Let a be ((-105)/90)/(-7) - (-5)/6. Is a/(-10)*69022*-5 prime?
True
Is (-364)/((-392)/14)*24733/13 prime?
True
Suppose -f - 294 = -5*v + 2*v, 0 = -2*f. Let s = -88 - v. Let z = s - -289. Is z composite?
False
Let y(b) = -b**3 - 11*b**2 + 2*b + 26. Let d be y(-11). Let m be (-7)/(42/d) + 3189/(-9). Let x = 1566 + m. Is x prime?
False
Let q = 68 - 67. Let c be (3 + (-5)/(5/3))/q. Suppose c = 4*n - 1299 + 71. Is n prime?
True
Let b = -178 + 187. Let u(w) = 38*w**2 + 10*w - 31. Is u(b) a composite number?
False
Let f be 1/3*2/((-2)/(-9)). Let w(i) = -i**2 + 10*i - 18. Let y be w(6). Suppose 2*m + 846 = y*g - 2*g, f*g + 5*m - 667 = 0. Is g prime?
False
Suppose 13271 = 11*l - 23678. Is l composite?
False
Let z(l) be the first derivative of -27*l**4/4 + l**3/3 - 3*l**2/2 - 5*l - 6. Let f be -1 - (5 - (4 - 0)). Is z(f) a composite number?
True
Let z(o) = 4697*o**2 + 56*o - 208. Is z(11) a prime number?
False
Is 28319/(-14 + 105/7) a composite number?
False
Suppose 7*i - 4*u - 26 = 2*i, 2*i = -u. Let a(o) = 1022*o**3 + o**2 - o + 4. Is a(i) a composite number?
True
Let r = 66 - 64. Suppose r*u - 2*z = 5*u + 3, 6 = 3*u - z. Is (4/(0 + u))/(6/1563) a prime number?
False
Let h(l) = -l**2 - 12*l - 5. Let u be h(-4). Let o = u + -26. Is (2775/10 - o)*2 a prime number?
False
Suppose 0 = 2*c + 10, -c - 76 = -p + 2*c. Let u = p - 51. Suppose 2*f - 1060 = 2*q, u = q + q. Is f prime?
False
Let c = -344438 - -557781. Is c composite?
True
Let a = 45 - 50. Let o be a/(15/(-9)) + (-5 - 4). Is (-2 - 1)*502/o composite?
False
Suppose -15*s + 301 = -194. Suppose -s*d + 57538 = -20*d. Is d a prime number?
False
Let w be 8/(-2)*(-42)/3. Is 934344/126 + (-4)/(w/6) a composite number?
True
Let h = -35 + 39. Suppose 4*k - 17092 = 5*a, k + h*a - 2104 = 2148. Let b = -667 + k. Is b a composite number?
True
Suppose 22*y = 8*y + 840. Is (-18)/4*(-40)/y + 2743 a prime number?
False
Suppose 158973 = 22*d - 6873113 - 14077200. Is d a composite number?
True
Let j(m) = 6*m + 0 + 3 - 4 + 0*m - m**2. Let c be j(5). Suppose -4016 + 436 = -c*n. Is n a prime number?
False
Suppose 5*m + 4*g - 6*g - 7 = 0, 0 = 4*m + g - 3. Is (-1216665)/(-540) - m/12 a composite number?
True
Let p = 44 + 1. Let h be 0 - ((-27)/p + 14/(-10)). Suppose 0 = -3*q + h*q + 217. Is q a composite number?
True
Let y be ((-7)/(105/10))/((-3)/(-10539)). Let n = 3999 + y. Is n a prime number?
True
Suppose 112 = 30*q - 2*q. Suppose q*h = -5*z + 1073, -7*h + 806 = -4*h + 4*z. Is h a prime number?
False
Let b(a) = 272*a**2 + 6*a + 9. Let p be b(8). Let k = -12076 + p. Is k composite?
True
Let j = -5023 + 10901. Suppose -20*u = -19*u - j. Is u a prime number?
False
Is 1817975/45 + 16/(-36) prime?
False
Let m be 245/(-49) + 2518/2. Let v = m + 1279. Is v a prime number?
False
Is 40866 + ((-286)/(-78))/(1/3) prime?
False
Let k = -573851 - -908580. Is k a composite number?
True
Let g = -17 + -21. Let l = -35 - g. Suppose 5*t + 6*p = l*p + 1446, -p = -3*t + 876. Is t prime?
False
Let v(f) = 73*f - 18. Let h be (0 - -6)/((-189)/(-28) + -6). Let y be 7 - 4/h*4. Is v(y) a composite number?
False
Let c be (4 - (-434)/21)/(1/3). Let u = c - 72. Let s(k) = 130*k**2 + 1. Is s(u) prime?
True
Let z(v) = 29*v**2 - 8*v + 20. Suppose -5*h - 32 = -g, -2*h = 5*g + 7 + 22. Is z(h) prime?
False
Let p = -1751288 - -3345607. Is p composite?
True
Suppose 22*p - 45*p + 20155 = -209316. Is p a prime number?
False
Suppose -4*d = d - 10. Suppose 26724 = d*k - 4*j, 2*k = j + j + 26720. Let g = 32059 - k. Is g prime?
True
Let b be (18/(-15))/((-6)/15). Suppose 3*d = 3*j + 48, -69 = -4*d + 2*j - 3*j. Is d/(-5) + b + (-1941)/(-15) a composite number?
True
Let q be (-3)/4*(-9579 - 1). Suppose 0 = 5*n + 3*a - 19, -5*a = n - 4*a - 5. Suppose -n*j = -3*i - 4790, -i + 2*i - q = -3*j. Is j a composite number?
True
Let n(p) be the third derivative of -p**6/8 - 7*p**5/60 + p**4/24 - 46*p**3/3 + 11*p**2 - 4. Is n(-7) prime?
True
Let g = 1208128 - -583489. Is g a prime number?
True
Let x(p) = -8*p + 9. Let c be x(-3). Suppose -c*v + 30*v + 711 = 0. Is v a composite number?
True
Is (-186192)/(-64) + 3/(-12) composite?
False
Is 23789/(7/(-28) - 30/(-24)) prime?
True
Let x(l) = -4998*l + 513. Is x(-37) a composite number?
True
Suppose -9*s + 75 = -159. Is (515645/s)/(2/4) a prime number?
False
Suppose 2*w - 2 = 2. Suppose -4*q = -w*q - 116. Let z = q + 249. Is z a prime number?
True
Let h be 1*(-17)/(68/31640). Let z = h - -14031. Is z composite?
False
Suppose -149*f + 476*f - 8561322 = 12873855. Is f prime?
True
Is 2076874/14 - (-12)/(-10)*(-155)/217 composite?
True
Let a = 288841 + -94784. Is a prime?
True
Let c = -6215 - -9723. Is -2 + c + (-17 - -16) a composite number?
True
Let p = -846090 + 1424179. Is p a composite number?
True
Let i be (18009/(-138))/(1/(-106)). Let k = i + 1718. Is k a prime number?
True
Suppose 2501*p = 2458*p + 23695537. Is p a composite number?
False
Let v be ((-1380416)/(-20))/8 - 2/(-5). Suppose 3*j - v = 5877. Suppose -6*d + j = -d. Is d a composite number?
False
Suppose 14*i = -14*i + 3840310 - 200226. Is i a composite number?
False
Let d be (-3)/2 + (135/6)/15. Suppose d*y + 9378 = 6*y. Is y composite?
True
Suppose 4*d = -4*w + d, -w + 2*d = -11. Suppose -5*j + 4150 = 4*i - 11839, w*i + 3194 = j. Is j a composite number?
True
Let j = 1053326 + -634897. Is j a composite number?
True
Let s(g) = -551*g - 3. Suppose 0 = 2*y - x + 82, -123 = 3*y + 2*x - x. Let z = y - -39. Is s(z) prime?
False
Let u = 97039 - 9246. Is u a composite number?
False
Let u(b) = 201*b**2 + 22*b + 443. Is u(-12) prime?
True
Suppose 5*r - 81200 = 5*k, -3*k - 9833 = -4*r + 55124. Is r a composite number?
True
Suppose 454*b = 467*b - 10293205. Is b a prime number?
False
Let n(g) = 493*g**2 - 116*g - 3971. Is n(-24) a prime number?
False
Is (-3 + 7)/(1511856/(-188988) - -8) prime?
True
Is (-4)/86 - 348703020/(-516) prime?
True
Let y = 28974 + 76631. Is y prime?
False
Let y = -374955 - -799178. Is y a composite number?
False
Let d = -3444 + 766. Let s = -951 - d. Is s a composite number?
True
Suppose 56242308 = -1201*b + 1325*b. Is b prime?
False
Let o(l) = -l**3 - 56*l**2 + 245*l - 67. Is o(-63) a prime number?
True
Let n be 172/(-6)*3/(-2). Suppose n*h - 128868 = 31*h. Is h a composite number?
False
Let c(b) = 27*b**2 - 58*b**2 + 32*b**2 + 7817 + b + b**3. Is c(0) prime?
True
Suppose 1903874 + 25792001 = 125*r. Is r prime?
True
Let w(c) = -15*c - 58. Let t be w(-4). Is (-28)/13 + t - (-5112790)/130 composite?
True
Let h = -766 + 787. Let n(b) = b**3 - 21*b**2 + 40*b - 38. Is n(h) a prime number?
False
Let l be 0 + 1 - (-39 - -17). Let x = 13 - l. Is (-7692)/x - (-1 + (-24)/(-20)) a prime number?
True
Suppose -4*k + 2*k + 3*k = 0. Suppose l - 8937 - 854 = -4*b, k = -3*l - 15. Is b a prime number?
False
Suppose 358 = -4*v - 718. Suppose a - 862 + 46 = -l, -l + 2*a = -810. Let m = v + l. Is m prime?
False
Let b(g) = 104*g**2 + 17*g + 54. Is b(-5) a composite number?
True
Suppose 0 = 3*s - b - 665531, 17*s = 14*s + 3*b + 665535. Is s a composite number?
True
Suppose 17*x + 6161 = -11910. Let q = x - -1802. Is q prime?
True
Let q(i) = 105015*i**2 + 28*i. Is q(-1) a prime number?
True
Suppose o - 6*o = 5*b + 20, b - 2 = -3*o. Is (-6 - (b + 1)) + (-7085)/(-5) prime?
False
Let u = -30998 - -52137. Is u prime?
True
Suppose 4*j = j + 5*x + 8130, 0 = 5*x. Let f = j + -1269. Is f composite?
True
Let b = -20 - -23. Let j(i) = -42*i**2 + 172*i**2 - 5 + 3*i + 26*i**2 + b. Is j(-3) a composite number?
True
Suppose -4*c = -5*z - 12652, 30*c + 3*z - 12620 = 26*c. Is c a prime number?
False
Suppose -13*y - 30807 = -16*y. Suppose -4*d = -4*n + 23324, 5*n + 4*d = 18904 + y. Is n a composite number?
True
Let g be -267*(1/(-3) + (-6 - -6)). Let c = -89 + g. Suppose -4*l + 2*l - 4*y + 622 = 0, -4*l - 2*y + 1262 = c. Is l a prime number?
True
Suppose 2*s = 4*i - 28, 7 = 5*i - 4*i + 3*s. Suppose 0 = -i*z - 26840 + 93571. Is z a composite number?
False
Suppose -38*r - 553106 = -40*r - 4*u, -553088 = -2*r + 2*u. Is r prime?
False
Suppose -7*k + 37200 = -10*k - 5*c, -12 = -4*c. Let y = -6796 - k. Is y composite?
True
Let a = -18702 - -11866. Let o = -4093 - a. Is o a composite number?
True
Let x(n) = -18*n - 26. Let q be x(-3). Suppose -93214 = -10*a - q*a. Is a composite?
True
Let v(o)